 16) in base 13?
-269
-174 (base 12) to base 15
-107
Convert -175 (base 14) to base 8.
-453
107b (base 15) to base 14
13b5
What is 1415 (base 6) in base 4?
11303
Convert 2133143 (base 5) to base 7.
211630
What is -122011022 (base 3) in base 4?
-3003131
Convert 12121310 (base 4) to base 11.
18784
Convert a0 (base 12) to base 10.
120
Convert -1215 (base 7) to base 16.
-1c5
Convert -532 (base 8) to base 3.
-110211
Convert 1326 (base 12) to base 10.
2190
Convert 1232 (base 5) to base 7.
363
433034 (base 6) to base 8
105516
Convert 11001111100 (base 2) to base 9.
2244
Convert -122010 (base 6) to base 15.
-3306
What is -773 (base 12) in base 6?
-5023
Convert -132205 (base 6) to base 9.
-17625
What is 542140 (base 6) in base 13?
17385
201102 (base 3) to base 10
524
What is 3a2 (base 12) in base 9?
675
What is 295 (base 15) in base 6?
2422
What is -192b (base 16) in base 12?
-388b
4 (base 7) to base 14
4
-1735 (base 11) to base 3
-10001002
Convert -3924 (base 15) to base 10.
-12184
What is 2322300 (base 4) in base 7?
46563
What is -cdd (base 16) in base 4?
-303131
-141 (base 9) to base 6
-314
What is -101011000 (base 3) in base 7?
-30366
-abdd (base 15) to base 9
-54871
What is 3000 (base 7) in base 4?
100011
-27a45 (base 11) to base 12
-1b096
What is 719 (base 15) in base 3?
2012020
What is 17b5 (base 12) in base 11?
2182
122a (base 11) to base 9
2173
a2d (base 15) to base 16
8f5
What is -847 (base 14) in base 8?
-3137
Convert 12022222 (base 3) to base 16.
f2f
What is -2304 (base 5) in base 3?
-110012
What is 231132 (base 6) in base 3?
1000001002
What is 28a (base 12) in base 9?
477
-3c (base 16) to base 3
-2020
-71834 (base 9) to base 10
-47335
-1250 (base 11) to base 6
-11312
What is 3563 (base 11) in base 3?
20101212
Convert -91cd (base 15) to base 14.
-b317
Convert 123224 (base 5) to base 2.
1001011001110
Convert -11200 (base 7) to base 6.
-21054
Convert -41130 (base 5) to base 6.
-20201
What is -4493 (base 10) in base 5?
-120433
What is -5cdc (base 15) in base 12?
-b546
1111011010 (base 2) to base 4
33122
What is 1067 (base 11) in base 5?
21104
What is 10110233 (base 4) in base 2?
100010100101111
3040 (base 6) to base 2
1010100000
-2112122 (base 3) to base 15
-838
3311 (base 9) to base 11
1919
What is 134 (base 7) in base 11?
68
What is -1022000 (base 3) in base 14?
-4b7
What is 19a7b (base 12) in base 16?
93bf
-a6 (base 15) to base 7
-312
4587 (base 14) to base 11
9088
10012 (base 3) to base 5
321
1434104 (base 6) to base 8
241170
Convert 8628 (base 9) to base 7.
24332
Convert -10000011100 (base 2) to base 4.
-100130
What is 1000100100101110 (base 2) in base 9?
53150
What is -2a67 (base 14) in base 2?
-1110101110011
What is 2623 (base 10) in base 9?
3534
Convert -121102222 (base 3) to base 4.
-2323103
What is 100001000101000 (base 2) in base 10?
16936
49 (base 16) to base 11
67
What is 10100011001001 (base 2) in base 14?
3b3b
-11312 (base 4) to base 10
-374
Convert -100011001100100 (base 2) to base 13.
-8282
What is 20212011 (base 3) in base 5?
124444
Convert -143103 (base 5) to base 15.
-1bbd
What is -332 (base 6) in base 4?
-2000
-224 (base 8) to base 16
-94
Convert 3151 (base 6) to base 2.
1011001011
Convert -144043 (base 5) to base 8.
-14004
What is 330 (base 9) in base 12?
1a6
Convert 22443 (base 6) to base 13.
15ba
What is -6534 (base 9) in base 14?
-1a78
What is 1101101101 (base 2) in base 5?
12002
Convert 5756 (base 13) to base 15.
395e
2350 (base 6) to base 9
703
Convert -5c5 (base 16) to base 11.
-1123
Convert -a5a (base 13) to base 9.
-2371
205 (base 6) to base 4
1031
What is 10111100011 (base 2) in base 4?
113203
Convert -4980 (base 13) to base 5.
-313123
10001101011 (base 2) to base 15
506
1111101111011110 (base 2) to base 10
64478
Convert -28199 (base 10) to base 9.
-42612
Convert 15113 (base 9) to base 7.
42012
Convert 23421 (base 5) to base 11.
1339
-101221 (base 3) to base 12
-207
152214 (base 6) to base 12
866a
202341 (base 7) to base 8
103254
40413 (base 7) to base 12
5816
Convert -41765 (base 9) to base 14.
-a0b5
Convert -332 (base 9) to base 7.
-536
Convert 2112202 (base 3) to base 2.
11101000000
What is -242101 (base 6) in base 12?
-10331
What is -14662 (base 7) in base 14?
-16d9
What is -321424 (base 6) in base 2?
-110011010111000
Convert 215 (base 13) to base 9.
435
What is 20376 (base 11) in base 3?
1111210001
3013 (base 5) to base 14
1d5
What is 4646 (base 13) in base 12?
5858
Convert -112121 (base 3) to base 13.
-244
Convert 812 (base 10) to base 15.
392
What is -221100012 (base 3) in base 14?
-6a37
Convert -23321131 (base 4) to base 7.
-262036
115450 (base 6) to base 10
10326
Convert -15600 (base 12) to base 15.
-8e60
-140b1 (base 12) to base 4
-12302011
Convert -1254 (base 10) to base 2.
-10011100110
1121 (base 4) to base 6
225
Convert 10597 (base 11) to base 12.
8a74
What is -4201413 (base 5) in base 14?
-1b1d5
What is 10001001000011 (base 2) in base 13?
3cb9
Convert 1264 (base 10) to base 13.
763
1114001 (base 5) to base 4
10312210
1342443 (base 5) to base 10
27873
-10141 (base 8) to base 15
-1398
3314 (base 14) to base 16
2286
Convert -c439 (base 14) to base 5.
-2040023
622 (base 8) to base 16
192
Convert -39451 (base 10) to base 12.
-1a9b7
Convert -5713 (base 11) to base 9.
-11271
2518 (base 13) to base 4
1102030
What is -7a5 (base 13) in base 7?
-3562
Convert -1003102 (base 4) to base 3.
-12220111
Convert 2714 (base 8) to base 7.
4220
1002010101 (base 3) to base 14
7a48
13420 (base 5) to base 13
675
Convert 1643 (base 8) to base 3.
1021111
What is 10112010 (base 3) in base 13?
1227
Convert 77c (base 16) to base 6.
12512
What is 110010110101 (base 2) in base 9?
4414
2030 (base 5) to base 11
221
-2112 (base 10) to base 7
-6105
What is -1021212 (base 4) in base 14?
-1a06
Convert 6252 (base 7) to base 2.
100010010001
Convert 1011 (base 11) to base 3.
1211202
What is -101111001 (base 2) in base 9?
-458
3210 (base 5) to base 12
2ba
13c (base 14) to base 4
3322
1483 (base 14) to base 11
2812
1371 (base 8) to base 6
3305
Convert -2034 (base 5) to base 8.
-415
Convert -211303 (base 4) to base 10.
-2419
40 (base 13) to base 14
3a
Convert -76b (base 15) to base 4.
-122030
-621 (base 9) to base 11
-41a
What is 110020100 (base 3) in base 11?
6779
3284 (base 9) to base 3
10022211
Convert 22021 (base 3) to base 12.
167
Convert -10000111 (base 2) to base 11.
-113
What is -3223 (base 7) in base 6?
-5144
3103233 (base 4) to base 2
11010011101111
7a3 (base 11) to base 2
1111000000
What is 1095 (base 14) in base 11?
2184
Convert -1612 (base 15) to base 2.
-1001010000110
1211122 (base 3) to base 9
1748
What is -b06 (base 13) in base 9?
-2502
Convert 3314 (base 6) to base 16.
2fe
-1431 (base 7) to base 12
-3a9
Convert 13045 (base 7) to base 2.
110110000111
Convert -3418 (base 14) to base 2.
-10001101001110
What is 2ab0 (base 14) in base 15?
23bc
Convert -2117 (base 8) to base 10.
-1103
What is -196 (base 14) in base 12?
-234
-5965 (base 10) to base 4
-1131031
What is 111a (base 16) in base 3?
20000011
What is 11231 (base 7) in base 14?
1088
-111010110 (base 2) to base 12
-332
Convert -678 (base 15) to base 11.
-1110
What is -1c0a (base 14) in base 5?
-130411
What is -9c9 (base 16) in base 13?
-11a9
What is -100132 (base 4) in base 5?
-13204
Convert 1011001010111 (base 2) to base 5.
140334
Convert 166a (base 15) to base 11.
3697
What is 316 (base 8) in base 14?
10a
Convert -155014 (base 6) to base 5.
-442341
What is -11110100011 (base 2) in base 16?
-7a3
What is -21002 (base 3) in base 9?
-232
-100110011 (base 2) to base 12
-217
24540 (base 9) to base 2
100000001011111
-308 (base 12) to base 3
-121022
-3925 (base 13) to base 5
-230033
What is 464 (base 8) in base 3?
102102
Convert -10408 (base 9) to base 2.
-1101011101101
-19c (base 16) to base 4
-12130
What is -4032102 (base 5) in base 9?
-107615
What is 34bb (base 14) in base 15?
2ac1
-6712 (base 13) to base 14
-5352
-904 (base 11) to base 15
-4cd
-323230 (base 7) to base 15
-11a81
What is 19b04 (base 12) in base 4?
21033310
What is -10323 (base 5) in base 4?
-23021
What is 2012002 (base 3) in base 2?
11000111011
What is -cd6 (base 15) in base 12?
-1819
-35344 (base 11) to base 8
-143455
Convert -1e95 (base 15) to base 7.
-25301
What is -1882 (base 9) in base 8?
-2653
Convert 